{"id":835,"date":"2021-09-30T13:37:35","date_gmt":"2021-09-30T11:37:35","guid":{"rendered":"https:\/\/hoffmanns-nas.de\/wordpress\/?page_id=835"},"modified":"2024-01-31T13:46:52","modified_gmt":"2024-01-31T12:46:52","slug":"die-kleinen-veilchen","status":"publish","type":"page","link":"https:\/\/www.hoffmanns-nas.de\/wordpress\/","title":{"rendered":"Die kleinen Veilchen &#8211; integrative Kindertagespflege"},"content":{"rendered":"\t\t<div data-elementor-type=\"wp-page\" data-elementor-id=\"835\" class=\"elementor elementor-835\" data-elementor-settings=\"[]\">\n\t\t\t\t\t\t\t<div class=\"elementor-section-wrap\">\n\t\t\t\t\t\t\t<section class=\"elementor-section elementor-top-section elementor-element elementor-element-1a07b3a elementor-section-boxed elementor-section-height-default elementor-section-height-default\" data-id=\"1a07b3a\" data-element_type=\"section\">\n\t\t\t\t\t\t<div class=\"elementor-container elementor-column-gap-default\">\n\t\t\t\t\t<div class=\"elementor-column elementor-col-100 elementor-top-column elementor-element elementor-element-d26a84b\" data-id=\"d26a84b\" data-element_type=\"column\">\n\t\t\t<div class=\"elementor-widget-wrap elementor-element-populated\">\n\t\t\t\t\t\t\t\t<div class=\"elementor-element elementor-element-8a538af elementor-widget elementor-widget-text-editor\" data-id=\"8a538af\" data-element_type=\"widget\" data-widget_type=\"text-editor.default\">\n\t\t\t\t<div class=\"elementor-widget-container\">\n\t\t\t\t\t\t\t<h5 style=\"text-align: center;\"><span style=\"color: #808080;\"><b>Herzlich Willkommen bei den kleinen Veilchen in Enger<\/b><\/span><\/h5><h5 style=\"text-align: center;\">-Tagesmutter seit 2008-<\/h5><p>Wir sind eine Kindertagespflegegruppe von maximal 5 Kindern, die in einer familiennahen Form heranwachsen. Ich arbeite nach einem Konzept, in dem ich die Kinder in ihrer Entwicklung und Pers\u00f6nlichkeit f\u00f6rdern m\u00f6chte. Da f\u00fcr Kinder ein fester Tagesablauf sehr wichtig ist, versuche ich, in Zusammenarbeit mit den Eltern, den Kindern einen Ablauf zu bieten, in dem sie sich wohl und geborgen f\u00fchlen.<\/p>\t\t\t\t\t\t<\/div>\n\t\t\t\t<\/div>\n\t\t\t\t<div class=\"elementor-element elementor-element-19555df elementor-widget-divider--separator-type-pattern elementor-widget-divider--view-line elementor-widget elementor-widget-divider\" data-id=\"19555df\" data-element_type=\"widget\" data-widget_type=\"divider.default\">\n\t\t\t\t<div class=\"elementor-widget-container\">\n\t\t\t\t\t<div class=\"elementor-divider\" style=\"--divider-pattern-url: url(&quot;data:image\/svg+xml,%3Csvg xmlns=&#039;http:\/\/www.w3.org\/2000\/svg&#039; preserveAspectRatio=&#039;none&#039; overflow=&#039;visible&#039; height=&#039;100%&#039; viewBox=&#039;0 0 24 24&#039; fill=&#039;none&#039; stroke=&#039;black&#039; stroke-width=&#039;1&#039; stroke-linecap=&#039;square&#039; stroke-miterlimit=&#039;10&#039;%3E%3Cpath d=&#039;M0,6c6,0,6,13,12,13S18,6,24,6&#039;\/%3E%3C\/svg%3E&quot;);\">\n\t\t\t<span class=\"elementor-divider-separator\">\n\t\t\t\t\t\t<\/span>\n\t\t<\/div>\n\t\t\t\t<\/div>\n\t\t\t\t<\/div>\n\t\t\t\t<div class=\"elementor-element elementor-element-12b18a5 elementor-widget elementor-widget-text-editor\" data-id=\"12b18a5\" data-element_type=\"widget\" data-widget_type=\"text-editor.default\">\n\t\t\t\t<div class=\"elementor-widget-container\">\n\t\t\t\t\t\t\t<p>Die Eingew\u00f6hnung eines jeden Kindes ist individuell. Nicht jedes Kind ist gleich. Umso wichtiger ist es langsam, geduldig und aufmerksam auf die Kinder einzugehen, da dies die Grundlage f\u00fcr eine stabile und sichere Beziehung zwischen Kind und Tagesmutter ist. Die Eingew\u00f6hnungsphase kann einen Monat vor Eintritt in einem Umfang von 15 Betreuungsstunden w\u00f6chentlich stattfinden.<\/p>\t\t\t\t\t\t<\/div>\n\t\t\t\t<\/div>\n\t\t\t\t<div class=\"elementor-element elementor-element-191d807 elementor-widget-divider--separator-type-pattern elementor-widget-divider--view-line elementor-widget elementor-widget-divider\" data-id=\"191d807\" data-element_type=\"widget\" data-widget_type=\"divider.default\">\n\t\t\t\t<div class=\"elementor-widget-container\">\n\t\t\t\t\t<div class=\"elementor-divider\" style=\"--divider-pattern-url: url(&quot;data:image\/svg+xml,%3Csvg xmlns=&#039;http:\/\/www.w3.org\/2000\/svg&#039; preserveAspectRatio=&#039;none&#039; overflow=&#039;visible&#039; height=&#039;100%&#039; viewBox=&#039;0 0 24 24&#039; fill=&#039;none&#039; stroke=&#039;black&#039; stroke-width=&#039;1&#039; stroke-linecap=&#039;square&#039; stroke-miterlimit=&#039;10&#039;%3E%3Cpath d=&#039;M0,6c6,0,6,13,12,13S18,6,24,6&#039;\/%3E%3C\/svg%3E&quot;);\">\n\t\t\t<span class=\"elementor-divider-separator\">\n\t\t\t\t\t\t<\/span>\n\t\t<\/div>\n\t\t\t\t<\/div>\n\t\t\t\t<\/div>\n\t\t\t\t<div class=\"elementor-element elementor-element-37b8fe7 elementor-widget elementor-widget-text-editor\" data-id=\"37b8fe7\" data-element_type=\"widget\" data-widget_type=\"text-editor.default\">\n\t\t\t\t<div class=\"elementor-widget-container\">\n\t\t\t\t\t\t\t<p><strong><span style=\"text-decoration: underline;\">Die Betreuungszeiten sind:<\/span><\/strong><\/p><p><strong>Montag &#8211; Freitag von 08.00 Uhr bis 15.00 Uhr *<br \/><\/strong><\/p><p><strong><span style=\"text-decoration: underline;\">Folgende\u00a0 Wochenstundenbuchungen sind m\u00f6glich:<\/span><\/strong> <br \/><strong>\u00a0\u00a0\u00a0\u00a0\u00a0\u00a0\u00a0\u00a0\u00a0 25 Std.\u00a0\u00a0\u00a0\u00a0\u00a0\u00a0\u00a0\u00a0\u00a0 30 Std.\u00a0\u00a0\u00a0\u00a0\u00a0\u00a0\u00a0\u00a0\u00a0 35 Std.\u00a0\u00a0\u00a0\u00a0\u00a0\u00a0\u00a0\u00a0\u00a0 40 Std.\u00a0\u00a0\u00a0\u00a0\u00a0\u00a0\u00a0\u00a0\u00a0 45 Std.<\/strong><\/p><p><strong>* Individuelle Absprachen bei den Betreuungszeiten sind m\u00f6glich.<\/strong><\/p><p>Die Berechnung der Kostenbeitr\u00e4ge richtet sich im Einzelnen nach der Elternbeitragssatzung des Kreises Herford. Sofern die tats\u00e4chliche Betreuungszeit geringer ist als der gew\u00e4hrte Betreuungsumfang, f\u00fchrt dies nicht zu einer Reduzierung des Elternbeitrages. Weicht die tats\u00e4chliche Betreuung von der gew\u00e4hrten so weit ab, dass in vier aufeinander folgenden Wochen eine niedrigere Betreuungsstufe erreicht wird, erl\u00e4sst das Amt f\u00fcr Jugend und Familie einen neuen Bewilligungsbescheid. [ siehe: Richtlinie zur Kindertagespflege im Kreis Herford, vom 01.12.2022 ]<\/p>\t\t\t\t\t\t<\/div>\n\t\t\t\t<\/div>\n\t\t\t\t<div class=\"elementor-element elementor-element-5f7ea63 elementor-widget-divider--separator-type-pattern elementor-widget-divider--view-line elementor-widget elementor-widget-divider\" data-id=\"5f7ea63\" data-element_type=\"widget\" data-widget_type=\"divider.default\">\n\t\t\t\t<div class=\"elementor-widget-container\">\n\t\t\t\t\t<div class=\"elementor-divider\" style=\"--divider-pattern-url: url(&quot;data:image\/svg+xml,%3Csvg xmlns=&#039;http:\/\/www.w3.org\/2000\/svg&#039; preserveAspectRatio=&#039;none&#039; overflow=&#039;visible&#039; height=&#039;100%&#039; viewBox=&#039;0 0 24 24&#039; fill=&#039;none&#039; stroke=&#039;black&#039; stroke-width=&#039;1&#039; stroke-linecap=&#039;square&#039; stroke-miterlimit=&#039;10&#039;%3E%3Cpath d=&#039;M0,6c6,0,6,13,12,13S18,6,24,6&#039;\/%3E%3C\/svg%3E&quot;);\">\n\t\t\t<span class=\"elementor-divider-separator\">\n\t\t\t\t\t\t<\/span>\n\t\t<\/div>\n\t\t\t\t<\/div>\n\t\t\t\t<\/div>\n\t\t\t\t<div class=\"elementor-element elementor-element-167edc1 elementor-widget elementor-widget-text-editor\" data-id=\"167edc1\" data-element_type=\"widget\" data-widget_type=\"text-editor.default\">\n\t\t\t\t<div class=\"elementor-widget-container\">\n\t\t\t\t\t\t\t<p><span style=\"text-decoration: underline;\"><strong>Meine Familie und ich<\/strong><\/span><\/p><p>Mein Name ist Ines Hoffmann, geboren am 04.09.1980.<br \/>Ich bin gelernte Freizeitsportleiterin und habe seit 2007 die Qualifikation zur Tagesmutter.<\/p><p>Mein Mann Jens Hoffmann, geboren am 03.04.1976, ist Vermessungstechniker.<\/p><p>Unsere Tochter Sophie Hoffmann, geboren am 08.01.2009, ist nach der Schule ein Teil der kleinen Veilchen.<\/p><p>Wir haben <b>keine<\/b> Haustiere und sind <strong>Nichtraucher<\/strong>.<\/p>\t\t\t\t\t\t<\/div>\n\t\t\t\t<\/div>\n\t\t\t\t<div class=\"elementor-element elementor-element-db50d34 elementor-widget elementor-widget-image\" data-id=\"db50d34\" data-element_type=\"widget\" data-widget_type=\"image.default\">\n\t\t\t\t<div class=\"elementor-widget-container\">\n\t\t\t\t\t\t\t\t\t\t\t\t\t\t\t<img width=\"688\" height=\"516\" src=\"https:\/\/www.hoffmanns-nas.de\/wordpress\/wp-content\/uploads\/2021\/09\/20210731_113025-1024x768.jpg\" class=\"attachment-large size-large\" alt=\"\" loading=\"lazy\" srcset=\"https:\/\/www.hoffmanns-nas.de\/wordpress\/wp-content\/uploads\/2021\/09\/20210731_113025-1024x768.jpg 1024w, https:\/\/www.hoffmanns-nas.de\/wordpress\/wp-content\/uploads\/2021\/09\/20210731_113025-300x225.jpg 300w, https:\/\/www.hoffmanns-nas.de\/wordpress\/wp-content\/uploads\/2021\/09\/20210731_113025-768x576.jpg 768w, https:\/\/www.hoffmanns-nas.de\/wordpress\/wp-content\/uploads\/2021\/09\/20210731_113025-1536x1152.jpg 1536w, https:\/\/www.hoffmanns-nas.de\/wordpress\/wp-content\/uploads\/2021\/09\/20210731_113025-2048x1536.jpg 2048w, https:\/\/www.hoffmanns-nas.de\/wordpress\/wp-content\/uploads\/2021\/09\/20210731_113025-1600x1200.jpg 1600w\" sizes=\"(max-width: 688px) 100vw, 688px\" \/>\t\t\t\t\t\t\t\t\t\t\t\t\t\t\t<\/div>\n\t\t\t\t<\/div>\n\t\t\t\t\t<\/div>\n\t\t<\/div>\n\t\t\t\t\t\t\t<\/div>\n\t\t<\/section>\n\t\t\t\t\t\t<\/div>\n\t\t\t\t\t<\/div>\n\t\t","protected":false},"excerpt":{"rendered":"<p>Herzlich Willkommen bei den kleinen Veilchen in Enger -Tagesmutter seit 2008- Wir sind eine Kindertagespflegegruppe von maximal 5 Kindern, die&hellip;<\/p>\n","protected":false},"author":1,"featured_media":0,"parent":0,"menu_order":0,"comment_status":"closed","ping_status":"closed","template":"","meta":[],"_links":{"self":[{"href":"https:\/\/www.hoffmanns-nas.de\/wordpress\/wp-json\/wp\/v2\/pages\/835"}],"collection":[{"href":"https:\/\/www.hoffmanns-nas.de\/wordpress\/wp-json\/wp\/v2\/pages"}],"about":[{"href":"https:\/\/www.hoffmanns-nas.de\/wordpress\/wp-json\/wp\/v2\/types\/page"}],"author":[{"embeddable":true,"href":"https:\/\/www.hoffmanns-nas.de\/wordpress\/wp-json\/wp\/v2\/users\/1"}],"replies":[{"embeddable":true,"href":"https:\/\/www.hoffmanns-nas.de\/wordpress\/wp-json\/wp\/v2\/comments?post=835"}],"version-history":[{"count":40,"href":"https:\/\/www.hoffmanns-nas.de\/wordpress\/wp-json\/wp\/v2\/pages\/835\/revisions"}],"predecessor-version":[{"id":1339,"href":"https:\/\/www.hoffmanns-nas.de\/wordpress\/wp-json\/wp\/v2\/pages\/835\/revisions\/1339"}],"wp:attachment":[{"href":"https:\/\/www.hoffmanns-nas.de\/wordpress\/wp-json\/wp\/v2\/media?parent=835"}],"curies":[{"name":"wp","href":"https:\/\/api.w.org\/{rel}","templated":true}]}}

<div data-elementor-type="wp-page" data-elementor-id="835" class="elementor elementor-835" data-elementor-settings="[]">
							<div class="elementor-section-wrap">
							<section class="elementor-section elementor-top-section elementor-element elementor-element-1a07b3a elementor-section-boxed elementor-section-height-default elementor-section-height-default" data-id="1a07b3a" data-element_type="section">
						<div class="elementor-container elementor-column-gap-default">
					<div class="elementor-column elementor-col-100 elementor-top-column elementor-element elementor-element-d26a84b" data-id="d26a84b" data-element_type="column">
			<div class="elementor-widget-wrap elementor-element-populated">
								<div class="elementor-element elementor-element-8a538af elementor-widget elementor-widget-text-editor" data-id="8a538af" data-element_type="widget" data-widget_type="text-editor.default">
				<div class="elementor-widget-container">
							<h5 style="text-align: center;"><span style="color: #808080;"><b>Herzlich Willkommen bei den kleinen Veilchen in Enger</b></span></h5><h5 style="text-align: center;">-Tagesmutter seit 2008-</h5><p>Wir sind eine Kindertagespflegegruppe von maximal 5 Kindern, die in einer familiennahen Form heranwachsen. Ich arbeite nach einem Konzept, in dem ich die Kinder in ihrer Entwicklung und Persönlichkeit fördern möchte. Da für Kinder ein fester Tagesablauf sehr wichtig ist, versuche ich, in Zusammenarbeit mit den Eltern, den Kindern einen Ablauf zu bieten, in dem sie sich wohl und geborgen fühlen.</p>						</div>
				</div>
				<div class="elementor-element elementor-element-19555df elementor-widget-divider--separator-type-pattern elementor-widget-divider--view-line elementor-widget elementor-widget-divider" data-id="19555df" data-element_type="widget" data-widget_type="divider.default">
				<div class="elementor-widget-container">
					<div class="elementor-divider" style="--divider-pattern-url: url(&quot;data:image/svg+xml,%3Csvg xmlns=&#039;http://www.w3.org/2000/svg&#039; preserveAspectRatio=&#039;none&#039; overflow=&#039;visible&#039; height=&#039;100%&#039; viewBox=&#039;0 0 24 24&#039; fill=&#039;none&#039; stroke=&#039;black&#039; stroke-width=&#039;1&#039; stroke-linecap=&#039;square&#039; stroke-miterlimit=&#039;10&#039;%3E%3Cpath d=&#039;M0,6c6,0,6,13,12,13S18,6,24,6&#039;/%3E%3C/svg%3E&quot;);">
			<span class="elementor-divider-separator">
						</span>
		</div>
				</div>
				</div>
				<div class="elementor-element elementor-element-12b18a5 elementor-widget elementor-widget-text-editor" data-id="12b18a5" data-element_type="widget" data-widget_type="text-editor.default">
				<div class="elementor-widget-container">
							<p>Die Eingewöhnung eines jeden Kindes ist individuell. Nicht jedes Kind ist gleich. Umso wichtiger ist es langsam, geduldig und aufmerksam auf die Kinder einzugehen, da dies die Grundlage für eine stabile und sichere Beziehung zwischen Kind und Tagesmutter ist. Die Eingewöhnungsphase kann einen Monat vor Eintritt in einem Umfang von 15 Betreuungsstunden wöchentlich stattfinden.</p>						</div>
				</div>
				<div class="elementor-element elementor-element-191d807 elementor-widget-divider--separator-type-pattern elementor-widget-divider--view-line elementor-widget elementor-widget-divider" data-id="191d807" data-element_type="widget" data-widget_type="divider.default">
				<div class="elementor-widget-container">
					<div class="elementor-divider" style="--divider-pattern-url: url(&quot;data:image/svg+xml,%3Csvg xmlns=&#039;http://www.w3.org/2000/svg&#039; preserveAspectRatio=&#039;none&#039; overflow=&#039;visible&#039; height=&#039;100%&#039; viewBox=&#039;0 0 24 24&#039; fill=&#039;none&#039; stroke=&#039;black&#039; stroke-width=&#039;1&#039; stroke-linecap=&#039;square&#039; stroke-miterlimit=&#039;10&#039;%3E%3Cpath d=&#039;M0,6c6,0,6,13,12,13S18,6,24,6&#039;/%3E%3C/svg%3E&quot;);">
			<span class="elementor-divider-separator">
						</span>
		</div>
				</div>
				</div>
				<div class="elementor-element elementor-element-37b8fe7 elementor-widget elementor-widget-text-editor" data-id="37b8fe7" data-element_type="widget" data-widget_type="text-editor.default">
				<div class="elementor-widget-container">
							<p><strong><span style="text-decoration: underline;">Die Betreuungszeiten sind:</span></strong></p><p><strong>Montag &#8211; Freitag von 08.00 Uhr bis 15.00 Uhr *<br /></strong></p><p><strong><span style="text-decoration: underline;">Folgende  Wochenstundenbuchungen sind möglich:</span></strong> <br /><strong>          25 Std.          30 Std.          35 Std.          40 Std.          45 Std.</strong></p><p><strong>* Individuelle Absprachen bei den Betreuungszeiten sind möglich.</strong></p><p>Die Berechnung der Kostenbeiträge richtet sich im Einzelnen nach der Elternbeitragssatzung des Kreises Herford. Sofern die tatsächliche Betreuungszeit geringer ist als der gewährte Betreuungsumfang, führt dies nicht zu einer Reduzierung des Elternbeitrages. Weicht die tatsächliche Betreuung von der gewährten so weit ab, dass in vier aufeinander folgenden Wochen eine niedrigere Betreuungsstufe erreicht wird, erlässt das Amt für Jugend und Familie einen neuen Bewilligungsbescheid. [ siehe: Richtlinie zur Kindertagespflege im Kreis Herford, vom 01.12.2022 ]</p>						</div>
				</div>
				<div class="elementor-element elementor-element-5f7ea63 elementor-widget-divider--separator-type-pattern elementor-widget-divider--view-line elementor-widget elementor-widget-divider" data-id="5f7ea63" data-element_type="widget" data-widget_type="divider.default">
				<div class="elementor-widget-container">
					<div class="elementor-divider" style="--divider-pattern-url: url(&quot;data:image/svg+xml,%3Csvg xmlns=&#039;http://www.w3.org/2000/svg&#039; preserveAspectRatio=&#039;none&#039; overflow=&#039;visible&#039; height=&#039;100%&#039; viewBox=&#039;0 0 24 24&#039; fill=&#039;none&#039; stroke=&#039;black&#039; stroke-width=&#039;1&#039; stroke-linecap=&#039;square&#039; stroke-miterlimit=&#039;10&#039;%3E%3Cpath d=&#039;M0,6c6,0,6,13,12,13S18,6,24,6&#039;/%3E%3C/svg%3E&quot;);">
			<span class="elementor-divider-separator">
						</span>
		</div>
				</div>
				</div>
				<div class="elementor-element elementor-element-167edc1 elementor-widget elementor-widget-text-editor" data-id="167edc1" data-element_type="widget" data-widget_type="text-editor.default">
				<div class="elementor-widget-container">
							<p><span style="text-decoration: underline;"><strong>Meine Familie und ich</strong></span></p><p>Mein Name ist Ines Hoffmann, geboren am 04.09.1980.<br />Ich bin gelernte Freizeitsportleiterin und habe seit 2007 die Qualifikation zur Tagesmutter.</p><p>Mein Mann Jens Hoffmann, geboren am 03.04.1976, ist Vermessungstechniker.</p><p>Unsere Tochter Sophie Hoffmann, geboren am 08.01.2009, ist nach der Schule ein Teil der kleinen Veilchen.</p><p>Wir haben <b>keine</b> Haustiere und sind <strong>Nichtraucher</strong>.</p>						</div>
				</div>
				<div class="elementor-element elementor-element-db50d34 elementor-widget elementor-widget-image" data-id="db50d34" data-element_type="widget" data-widget_type="image.default">
				<div class="elementor-widget-container">
															<img width="688" height="516" src="https://www.hoffmanns-nas.de/wordpress/wp-content/uploads/2021/09/20210731_113025-1024x768.jpg" class="attachment-large size-large" alt="" loading="lazy" srcset="https://www.hoffmanns-nas.de/wordpress/wp-content/uploads/2021/09/20210731_113025-1024x768.jpg 1024w, https://www.hoffmanns-nas.de/wordpress/wp-content/uploads/2021/09/20210731_113025-300x225.jpg 300w, https://www.hoffmanns-nas.de/wordpress/wp-content/uploads/2021/09/20210731_113025-768x576.jpg 768w, https://www.hoffmanns-nas.de/wordpress/wp-content/uploads/2021/09/20210731_113025-1536x1152.jpg 1536w, https://www.hoffmanns-nas.de/wordpress/wp-content/uploads/2021/09/20210731_113025-2048x1536.jpg 2048w, https://www.hoffmanns-nas.de/wordpress/wp-content/uploads/2021/09/20210731_113025-1600x1200.jpg 1600w" sizes="(max-width: 688px) 100vw, 688px" />															</div>
				</div>
					</div>
		</div>
							</div>
		</section>
						</div>
					</div>
